(d). Let g be 6/9 - 70/(-3). Suppose 5*x - u = -12, 0 = -0*x - 4*x - 4*u - g. Calculate w(x).
3
Let v(u) = -4*u**3 - 9*u**2 - 4*u - 5. Let t(d) = d**3 + d**2 + d + 1. Let g(l) = 3*t(l) + v(l). Calculate g(-6).
4
Let u(o) be the third derivative of o**4/24 + 3*o**3/2 + 33*o**2. Calculate u(7).
16
Let b(o) be the first derivative of -o**3/3 - 5*o**2/2 - 7*o + 10. Calculate b(-5).
-7
Let q be 2/7 + (-52)/(-14). Let m(w) = -5*w - w**3 - 2*w**3 + 4*w**3 - 2*w**2. Determine m(q).
12
Let y(r) = 4*r - 1. Let i(j) = 19*j - 5. Let d(x) = -2*i(x) + 11*y(x). Suppose -3*t + 6 = -4*h - 3, 0 = 4*t - 4*h - 12. Suppose 0 = t*v + 2 - 8. Calculate d(v).
11
Suppose -3*o + g - 3 - 11 = 0, -3*g + 2 = -o. Let j(k) be the second derivative of k**4/12 + k**3/2 - 5*k**2/2 - 2*k. Determine j(o).
5
Let p(o) = -1 + 3*o**2 + 2*o - 1 + 1. Let t be 1 + (2 - 3) - -1. Let a be (t + -6)*4/10. Give p(a).
7
Suppose -2*m = -3*m. Let b(w) = 2*w + m + 2*w + 5 - 3*w. Determine b(-4).
1
Let a(c) = c - 1. Let t(b) = -b**2 - 19*b - 36. Let n be t(-17). Give a(n).
-3
Let b(l) = l**3 + 3*l**3 - 5*l - 5 - 2*l**3 - l**3 - 4*l**2. Let f(u) = -u**3 + 5*u**2 + 7*u - 3. Let n be f(6). Let h be ((-3)/(n/(-5)))/1. Determine b(h).
-5
Let w(b) = b**3 - b**2 + b - 6. Let u be w(0). Let m be (8/u)/((-6)/(-9)). Let q(k) = -2*k + 2. What is q(m)?
6
Let x(z) = -699 - z + 699 + 12*z**2. Give x(1).
11
Let d be (-3)/(-6)*(-2 + 2). Let v(p) be the second derivative of -p + 1/2*p**3 + 1/12*p**4 + 0 + d*p**2. Give v(-4).
4
Let z(c) = 14*c + 20. Let h(q) = 5*q + 7. Let p(r) = 17*h(r) - 6*z(r). Let o = 1 - 2. Let i = -3 - o. What is p(i)?
-3
Let o(n) = -2*n + 6. Let u be o(5). Let t = u - -3. Let l(b) = -b**3 - 2*b**3 - 3*b**2 + 2*b**2 - 5*b**3. Determine l(t).
7
Let v(n) = -n**2 + 6*n + 1. Suppose -p + 6*p = -60. Let o be p/(-5)*(-20)/(-8). What is v(o)?
1
Let y = -3 - -6. Let q(m) = 2*m + 0*m - m**2 + 0*m**2 - 2*m**2 - m**y. Determine q(-4).
8
Let m(r) = -4*r + 0*r + 3 + 3*r. Suppose 7 = 2*y + 1. Let g be 2/(-6) + 1/y. Give m(g).
3
Let i(q) = -q**3 - 3*q**2 - 6*q - 1. Let w(k) = 5*k**3 + 14*k**2 + 30*k + 5. Let f(x) = 11*i(x) + 2*w(x). Give f(-4).
7
Let w(t) = 2*t + 10. Let v be (-14)/3*(-12)/(-8). Give w(v).
-4
Let z(c) be the second derivative of c**3/6 + 3*c**2/2 + 6*c. What is z(3)?
6
Let c be 20/50 + 16/10. Let f(a) be the first derivative of -1/2*a**c + a - 2. Give f(2).
-1
Let v = 2 - 0. Let g(f) be the first derivative of f**2/2 - 2*f + 3. Give g(v).
0
Let a be 320/18 - 8/(-36). Let b = -23 + a. Let l(w) = -w**2 - 6*w - 4. What is l(b)?
1
Suppose 0 = 5*x + 15, 0*h - h + 10 = -5*x. Let r be (-9)/h - (-2)/10. Let b(w) = 4*w**2 + 7 - 3*w**2 + 0*w**2 + 4*w**2 - r*w - w**3. Determine b(5).
-3
Let c(u) = -2*u - u**2 - 2*u - 313 - 4*u + 326. Give c(-9).
4
Let n(o) = -30 + 32 - 4*o + 7*o. Let d(h) = -h. Let a(b) = 2*d(b) + n(b). What is a(-4)?
-2
Suppose -3*r = -r + 8. Let s(h) be the first derivative of h**4/4 + h**3 - h**2 + 3*h + 1. Determine s(r).
-5
Let f(z) = 1 - 2*z**2 + 5 - 2 - z**3 + 57*z - 55*z. Let l be 4/(0 - 2) + -1. Give f(l).
7
Suppose -9 = y - 10. Let d(s) be the second derivative of -s**6/240 + s**5/120 + s**4/12 - s. Let j(i) be the third derivative of d(i). Give j(y).
-2
Let q(s) be the second derivative of s**6/180 - s**5/24 + s**4/6 - s**3/6 + 3*s. Let y(r) be the second derivative of q(r). Calculate y(3).
7
Let o(j) = -j**2 + 5*j + 1. Let q be (12 + -9)/((-6)/(-10)). Calculate o(q).
1
Let u(t) = t**3 - 5*t**2 + 7*t - 6. Let p = 2 + 2. Give u(p).
6
Suppose -2*f = -t - 10, t - 2 - 8 = -2*f. Let y(q) = -q**2 + q + 10. Let i be y(t). Suppose j - i = -j. Let l(b) = 2*b - 2. Calculate l(j).
8
Let f(s) = s - 4. Let d = -81 - -87. Calculate f(d).
2
Let j(t) be the first derivative of -2*t**3/3 + 5*t**2/2 - 4*t - 1. Let r(o) = -o**3 - 3*o**2 + o - 3. Let q be r(-4). Let u be 4/(-6) + 33/q. Give j(u).
-7
Let x(k) = 2*k**2 - 6*k. Suppose -2*s - 59 = -5*o, 0 = -2*o - 4*s - 1 + 15. Let c = 15 - o. What is x(c)?
8
Suppose d - 4*f + 1 + 2 = 0, -3*f = -3*d. Let o(i) = -i**3 + i**2 + 1. Let b(q) = 6*q**3 - 3*q**2 + 2*q - 4. Let x(u) = -b(u) - 3*o(u). Determine x(d).
-4
Let k(i) = -2*i**2 + i. Let f(s) = -s**3 - 4*s**2 + 7*s - 5. Let h be f(-6). Suppose 15 = -5*y + c + 3*c, 5*c = h. What is k(y)?
-1
Let o(j) be the third derivative of -j**7/840 - j**6/180 + j**5/40 - j**4/8 - j**3/2 - 4*j**2. Let d(h) be the first derivative of o(h). Give d(-3).
-3
Suppose c = 5*f - 3, -4*c + f - 7 = -33. Let g(t) = t**3 + t**3 + c*t**2 - t - t**3 - 4*t**2. Calculate g(-3).
3
Let b(d) = 2*d - 9 + 1 + 0*d + 3. Suppose 2*i = 5*a - 69, 5*i + 5 = 20. Suppose n - 4*n + a = 0. Determine b(n).
5
Let s(j) be the third derivative of 1/2*j**3 + 1/24*j**4 + 0*j + j**2 + 0. Suppose 2*m = 6*m + 20. Determine s(m).
-2
Let t(s) = -s**2 - 4*s + 3. Let p(z) = -z**3 + 8*z**2 - z + 10. Let a(b) = 9*b**2 - 1. Let x be a(1). Let y be p(x). Determine t(y).
-9
Suppose -6 = -4*l + 42. Let s(h) = -l*h**2 + 5*h**2 - 5*h + 3 + 8*h**2. Determine s(6).
9
Let u(p) = -6*p + 0*p - 2*p + 3 + 9*p. Suppose 7 = -2*d + 5*r - 10, 4*r - 4 = 0. What is u(d)?
-3
Let h = -40 - -39. Let q(k) = -11*k**3 - 2*k**2 - 2*k - 1. Give q(h).
10
Let r(o) = o - 12. Let h be r(6). Let i(y) = 0*y**2 - y**2 + 2*y - 5*y - 4 - 3*y. What is i(h)?
-4
Let m(n) be the second derivative of -1/6*n**3 - n + 0 + 2*n**2 - 1/12*n**4. Determine m(0).
4
Let n(f) be the first derivative of -f**2/2 - 6*f + 12. Let w(m) = -2*m + 4. Let r be w(4). Determine n(r).
-2
Let h(s) = s**2 - 4*s + 1. Suppose -24 + 39 = 5*c. Give h(c).
-2
Let u(i) = -6*i. Let f(j) = -j**3 - 11*j**2 - j - 13. Let g be f(-11). Calculate u(g).
12
Let w = 0 - -6. Let h(v) be the third derivative of -v**5/60 + 5*v**4/24 + v**3/3 + 6*v**2. Calculate h(w).
-4
Let o(q) = -q + 0*q**2 + 0 - 1 + q**2. Let j = 6 + -9. What is o(j)?
11
Let i(o) be the third derivative of o**6/60 + o**5/20 - o**3/3 - 7*o**2. Let l be i(-2). Let a(n) = -n - 13. Calculate a(l).
-7
Let b be (-2 + (-4)/(-2))/(-2). Let i(y) = 2*y - 1. Let g be i(2). Let z(r) = -2 + g + b*r - r. Calculate z(-3).
4
Let i(k) = k**2 - 4*k + 7. Let c be i(3). Let q(d) be the first derivative of d**2 - d**3 + d + 1/4*d**c + 2. Determine q(2).
1
Let x be ((-8)/(-6)*-1)/(8/(-30)). Let a(h) = h. Calculate a(x).
5
Let p(i) = -4*i - 6. Let h be 4 + (0 - 0/(-1)). Let m(x) be the third derivative of 5*x**4/24 + 7*x**3/6 - 7*x**2. Let t(c) = h*p(c) + 3*m(c). Give t(-3).
0
Suppose 0*v - 8 = -2*v. Let f(i) be the first derivative of -i**4/4 + 5*i**3/3 - 3*i**2/2 + 6*i + 11. Determine f(v).
10
Let d = -13 - -18. Let q(i) = 7 + 0*i**3 + 3*i**3 - 8*i - 4*i**2 - 2*i**3. What is q(d)?
-8
Let l(i) = i**3 + 6*i**2 - i + 5. Let r be (-9)/(3 + 3/(-2)). What is l(r)?
11
Let c(u) = -26*u - u**3 - 4*u**2 - 17*u + 42*u. Determine c(-3).
-6
Let y(t) = -t**2 + 4*t + 1. Let h = 12 - 7. Suppose 32 = -h*l + 3*d, -4*d + 0*d = -2*l - 24. Let v be (-4)/(2/l*2). Determine y(v).
1
Let v(b) = b. Let u(n) = -n**2 + 2*n + 3. Let f(t) = u(t) - 3*v(t). Give f(0).
3
Let f(t) = t - 9 + 10 + 4. Determine f(-8).
-3
Let x(o) be the first derivative of -o**4/4 - 4*o**3/3 + 3*o**2 + 3*o - 20. Suppose -5 = -l + 2*l. Determine x(l).
-2
Suppose 3*j + 6 = -3*p, 2*j - 4*p = 33 - 13. Suppose 6*r + 12 = j*r. Let u(w) = w**3 + w**2 - w + 4. Determine u(r).
-11
Let d(u) = -u**3 - u - 1. Suppose -2*b - 6*w = -2*w + 10, 4*w + 8 = -4*b. Let q be (0 - 3/(-1))*b. Let n be (5/(-15))/(1/q). Calculate d(n).
1
Let g(z) = 13 + 3 + 8*z + 2*z. Let u(c) = -3*c - 5. Let f(r) = -5*g(r) - 16*u(r). What is f(-1)?
2
Let f(q) be the second derivative of -q**5/20 - q**4/2 + 3*q**3/2 + 7*q**2/2 - 10*q. What is f(-7)?
-7
Let j = -1 + 3. Let k(a) = 5 + 0*a + 4*a - a**j - a. Give k(4).
1
Let d(f) = f - 2. Let r(z) = z**3 - 7*z**2 - 9*z + 7. Let x be r(8). Let g(l) = 6*l**3 + 2*l + 1. Let t be g(x). Calculate d(t).
-9
Let r(j) = j**2 - 5*j + 3 - 4 + 1 + 3. Let k be r(3). Let q(u) = -u. Determine q(k).
3
Let t be 10/6*12/(-4). Let r = -3 - t. Let f(o) = 14*o**2 + 14*o + 5. Let g(p) = 5*p**2 + 5*p + 2. Let z(c) = 4*f(c) - 11*g(c). Calculate z(r).
4
Let t(s) be the first derivative of 3*s**2/2 - s + 13. Determine t(-3).
-10
Suppose 0 = -5*z + 31 - 51. Let o(x) = 3*x + 2. Calculate o(z).
-10
Suppose -y = 2*h - 4 + 9, -2*h + 5*y = 23. Let d(l) be the secon